{"id":951,"date":"2021-02-05T10:32:27","date_gmt":"2021-02-05T10:32:27","guid":{"rendered":"https:\/\/lazzatest.dk\/ketner\/herning\/?page_id=951"},"modified":"2026-01-27T13:11:40","modified_gmt":"2026-01-27T13:11:40","slug":"medarbejdere","status":"publish","type":"page","link":"https:\/\/ketner.dk\/herning\/om\/medarbejdere\/","title":{"rendered":"Medarbejdere"},"content":{"rendered":"<p>[vc_row css_animation=&#8221;&#8221; row_type=&#8221;row&#8221; use_row_as_full_screen_section=&#8221;no&#8221; type=&#8221;grid&#8221; angled_section=&#8221;no&#8221; text_align=&#8221;left&#8221; background_image_as_pattern=&#8221;without_pattern&#8221; el_class=&#8221;padding80 equal-height align-center&#8221; z_index=&#8221;&#8221; css=&#8221;.vc_custom_1612779213897{background-color: #f0f0f0 !important;}&#8221;][vc_column el_class=&#8221;paddingright&#8221; offset=&#8221;vc_col-md-6&#8243;][vc_column_text]<\/p>\n<h1>M\u00f8d frontpersonalet<\/h1>\n<p>I Herning st\u00e5r vores v\u00e6rkf\u00f8rer klar til at tage imod dig og din bil.<br \/>\nKontakt dem og f\u00e5 r\u00e5d og vejledning, s\u00e5 du hurtigt kan komme videre.<\/p>\n<p>Mangler du en reservedel, har vi ogs\u00e5 en ekspert inden for det omr\u00e5de.<br \/>\nKasper er mester i at finde de korrekte dele, og kan ofte levere fra dag til dag.<\/p>\n<p>Ketner har afdelinger i Aalborg, Aarhus, Herning, Holstebro, Kolding og Odense, og best\u00e5r i dag af ca. 140 medarbejdere, fordelt i de forskellige afdelinger.<\/p>\n<p>Vi gl\u00e6der os til at tale med dig.[\/vc_column_text][vc_empty_space height=&#8221;40px&#8221;][\/vc_column][vc_column offset=&#8221;vc_col-md-6&#8243;][vc_single_image image=&#8221;5598&#8243; img_size=&#8221;full&#8221; style=&#8221;vc_box_rounded&#8221; qode_css_animation=&#8221;&#8221;][\/vc_column][\/vc_row][vc_row css_animation=&#8221;&#8221; row_type=&#8221;row&#8221; use_row_as_full_screen_section=&#8221;no&#8221; type=&#8221;grid&#8221; angled_section=&#8221;no&#8221; text_align=&#8221;left&#8221; background_image_as_pattern=&#8221;without_pattern&#8221; el_class=&#8221;padding80 equal-height align-center&#8221; css=&#8221;.vc_custom_1612779260540{padding-bottom: 0px !important;background-color: #fffffe !important;}&#8221; z_index=&#8221;&#8221;][vc_column][vc_column_text]<\/p>\n<h3>Herning<\/h3>\n<p>[\/vc_column_text][vc_empty_space height=&#8221;40px&#8221;]\n    <div class=\"vc_row wpb_row section vc_row-fluid vc_inner equal-height\" style=\" text-align:left;\"><div class=\" full_section_inner clearfix\">\n\n    \n    <div class=\"wpb_column vc_column_container vc_col-sm-6 vc_col-lg-3 vc_col-md-4\" style=\"margin-bottom: 20px;\">\n        <div class=\"vc_column-inner\">\n            <div class=\"wpb_wrapper\">\n    \n    <div class=\"team_holder\">\n        \n        \n            <div class=\"team_container\">\n                \n                <div class=\"team_image\">\n                                        <div class=\"team_info\">\n                        <p>Allan er v\u00e6rkstedschef og har en baggrund fra Tesla\/Crashpoint Skadecenter Vejle. Han er superskarp til r\u00e5dgivning inden for alle bilm\u00e6rker \u2013 og specielt Tesla. Allan er garant for Ketners gode service og st\u00e5r altid klar til at tage imod dagens opgaver. Han kan h\u00e5ndtere alle typer af k\u00f8ret\u00f8j med kyndig og professionel vejledning.<\/p>\n                    <\/div>\n                                                                <img src=\"https:\/\/ketner.dk\/herning\/wp-content\/uploads\/2025\/10\/Allan_herning.jpg\" alt=\"\">\n                                    <\/div>\n                <div class=\"team_content\">\n                    <h4 itemprop=\"name\" class=\"entry_title\">Allan  Brix Fuhlendorff<\/h4>\n                    <p class=\"team_titel\">V\u00e6rkstedschef<\/p>\n                                            <div class=\"team_mail\">\n                            <a itemprop=\"url\" href=\"mailto:abf@ketner.dk\" target=\"_self\">abf@ketner.dk<\/a>\n                        <\/div>\n                                                                <div class=\"team_telefon\">\n                            <a itemprop=\"url\" href=\"tel:42124320\" target=\"_self\">42124320<\/a>\n                        <\/div>\n                                    <\/div>\n            <\/div>\n        \n        \n    <\/div>\n\n            <\/div>\n        <\/div>\n    <\/div>\n\n    \n    <div class=\"wpb_column vc_column_container vc_col-sm-6 vc_col-lg-3 vc_col-md-4\" style=\"margin-bottom: 20px;\">\n        <div class=\"vc_column-inner\">\n            <div class=\"wpb_wrapper\">\n    \n    <div class=\"team_holder\">\n        \n        \n            <div class=\"team_container\">\n                \n                <div class=\"team_image\">\n                                        <div class=\"team_info\">\n                        <p>Sune er v\u00e6rkf\u00f8rer og tager dagligt imod kunderne i receptionen. Han har et godt hum\u00f8r og yder altid det optimale for at give kunderne den bedste service. Sune er ogs\u00e5 den, der st\u00e5r for Oscar Biludlejning, og han klarer alle opgaverne med et stort g\u00e5-p\u00e5-mod.<\/p>\n                    <\/div>\n                                                                <img src=\"https:\/\/ketner.dk\/herning\/wp-content\/uploads\/2025\/10\/Sune_herning.jpg\" alt=\"\">\n                                    <\/div>\n                <div class=\"team_content\">\n                    <h4 itemprop=\"name\" class=\"entry_title\">Sune Trillingsgaard<\/h4>\n                    <p class=\"team_titel\">V\u00e6rkf\u00f8rer<\/p>\n                                            <div class=\"team_mail\">\n                            <a itemprop=\"url\" href=\"mailto:stn@ketner.dk\" target=\"_self\">stn@ketner.dk<\/a>\n                        <\/div>\n                                                                <div class=\"team_telefon\">\n                            <a itemprop=\"url\" href=\"tel:43144310\" target=\"_self\">43144310<\/a>\n                        <\/div>\n                                    <\/div>\n            <\/div>\n        \n        \n    <\/div>\n\n            <\/div>\n        <\/div>\n    <\/div>\n\n    \n    <div class=\"wpb_column vc_column_container vc_col-sm-6 vc_col-lg-3 vc_col-md-4\" style=\"margin-bottom: 20px;\">\n        <div class=\"vc_column-inner\">\n            <div class=\"wpb_wrapper\">\n    \n    <div class=\"team_holder\">\n        \n        \n            <div class=\"team_container\">\n                \n                <div class=\"team_image\">\n                                        <div class=\"team_info\">\n                        <p>Kasper er nyeste skud p\u00e5 stammen i team Herning.\r\nDu m\u00f8der Kasper i telefonen og ved indskrivningen, hvor han st\u00e5r klar til at hj\u00e6lpe kunden videre p\u00e5 bedste vis, og altid med smil.\r\nKasper er udannet mekaniker og kommer med en bred viden indenfor autobranchen.\r\n<\/p>\n                    <\/div>\n                                                                <img src=\"https:\/\/ketner.dk\/herning\/wp-content\/uploads\/2025\/10\/Kasper_Herning.jpg\" alt=\"\">\n                                    <\/div>\n                <div class=\"team_content\">\n                    <h4 itemprop=\"name\" class=\"entry_title\">Kasper  Donati Johnsen<\/h4>\n                    <p class=\"team_titel\">V\u00e6rkf\u00f8rer\/Reservedelsekspedient<\/p>\n                                            <div class=\"team_mail\">\n                            <a itemprop=\"url\" href=\"mailto:kdj@ketner.dk\" target=\"_self\">kdj@ketner.dk<\/a>\n                        <\/div>\n                                                                <div class=\"team_telefon\">\n                            <a itemprop=\"url\" href=\"tel:48882504\" target=\"_self\">48882504<\/a>\n                        <\/div>\n                                    <\/div>\n            <\/div>\n        \n        \n    <\/div>\n\n            <\/div>\n        <\/div>\n    <\/div>\n\n    \n    <\/div><\/div>\n    \n    [\/vc_column][\/vc_row][vc_row css_animation=&#8221;&#8221; row_type=&#8221;row&#8221; use_row_as_full_screen_section=&#8221;no&#8221; type=&#8221;grid&#8221; angled_section=&#8221;no&#8221; text_align=&#8221;left&#8221; background_image_as_pattern=&#8221;without_pattern&#8221; el_class=&#8221;padding80 equal-height align-center&#8221; css=&#8221;.vc_custom_1612521406316{background-color: #fffffe !important;}&#8221; z_index=&#8221;&#8221;][vc_column][vc_column_text]<\/p>\n<h3>Hovedafdelingen<\/h3>\n<p>[\/vc_column_text][vc_empty_space height=&#8221;40px&#8221;]\n    <div class=\"vc_row wpb_row section vc_row-fluid vc_inner equal-height\" style=\" text-align:left;\"><div class=\" full_section_inner clearfix\">\n\n    \n    <div class=\"wpb_column vc_column_container vc_col-sm-6 vc_col-lg-3 vc_col-md-4\" style=\"margin-bottom: 20px;\">\n        <div class=\"vc_column-inner\">\n            <div class=\"wpb_wrapper\">\n    \n    <div class=\"team_holder\">\n        \n        \n            <div class=\"team_container\">\n                \n                <div class=\"team_image\">\n                                        <div class=\"team_info\">\n                        <p>Torben er kaptajnen for hele flokken hos Ketner. Torben er en yderst positiv karakter og er meget iderig, hvilket betyder, at vi ikke altid g\u00f8r tingene helt traditionelt. Han er samtidig en meget motiverende foregangsmand.<\/p>\n                    <\/div>\n                                                                <img src=\"https:\/\/ketner.dk\/herning\/wp-content\/uploads\/2021\/02\/torben-hansen.jpeg\" alt=\"\">\n                                    <\/div>\n                <div class=\"team_content\">\n                    <h4 itemprop=\"name\" class=\"entry_title\">Torben Hansen<\/h4>\n                    <p class=\"team_titel\">Direkt\u00f8r<\/p>\n                                            <div class=\"team_mail\">\n                            <a itemprop=\"url\" href=\"mailto:th@ketner.dk\" target=\"_self\">th@ketner.dk<\/a>\n                        <\/div>\n                                                                <div class=\"team_telefon\">\n                            <a itemprop=\"url\" href=\"tel:96317575\" target=\"_self\">96317575<\/a>\n                        <\/div>\n                                    <\/div>\n            <\/div>\n        \n        \n    <\/div>\n\n            <\/div>\n        <\/div>\n    <\/div>\n\n    \n    <div class=\"wpb_column vc_column_container vc_col-sm-6 vc_col-lg-3 vc_col-md-4\" style=\"margin-bottom: 20px;\">\n        <div class=\"vc_column-inner\">\n            <div class=\"wpb_wrapper\">\n    \n    <div class=\"team_holder\">\n        \n        \n            <div class=\"team_container\">\n                \n                <div class=\"team_image\">\n                                        <div class=\"team_info\">\n                        <p>Henrik har ansvaret for den finansielle styring hos Ketner. Henrik er en rolig og t\u00e5lmodig fyr. Fordybelse i statistikker, analyser og tal i almindelighed er det sukker-kick, Henrik skal bruge for at dagen stemmer.<\/p>\n                    <\/div>\n                                                                <img src=\"https:\/\/ketner.dk\/herning\/wp-content\/uploads\/2021\/02\/henrik-thomsen.jpg\" alt=\"\">\n                                    <\/div>\n                <div class=\"team_content\">\n                    <h4 itemprop=\"name\" class=\"entry_title\">Henrik Thomsen<\/h4>\n                    <p class=\"team_titel\">\u00d8konomichef<\/p>\n                                            <div class=\"team_mail\">\n                            <a itemprop=\"url\" href=\"mailto:ht@ketner.dk\" target=\"_self\">ht@ketner.dk<\/a>\n                        <\/div>\n                                                                <div class=\"team_telefon\">\n                            <a itemprop=\"url\" href=\"tel:96317581\" target=\"_self\">96317581<\/a>\n                        <\/div>\n                                    <\/div>\n            <\/div>\n        \n        \n    <\/div>\n\n            <\/div>\n        <\/div>\n    <\/div>\n\n    \n    <div class=\"wpb_column vc_column_container vc_col-sm-6 vc_col-lg-3 vc_col-md-4\" style=\"margin-bottom: 20px;\">\n        <div class=\"vc_column-inner\">\n            <div class=\"wpb_wrapper\">\n    \n    <div class=\"team_holder\">\n        \n        \n            <div class=\"team_container\">\n                \n                <div class=\"team_image\">\n                                                                <img src=\"https:\/\/ketner.dk\/herning\/wp-content\/uploads\/2026\/01\/Morten.jpg\" alt=\"\">\n                                    <\/div>\n                <div class=\"team_content\">\n                    <h4 itemprop=\"name\" class=\"entry_title\">Morten  Jensen<\/h4>\n                    <p class=\"team_titel\">Eftermarkedschef<\/p>\n                                            <div class=\"team_mail\">\n                            <a itemprop=\"url\" href=\"mailto:mj@ketner.dk\" target=\"_self\">mj@ketner.dk<\/a>\n                        <\/div>\n                                                                <div class=\"team_telefon\">\n                            <a itemprop=\"url\" href=\"tel:28300427\" target=\"_self\">28300427<\/a>\n                        <\/div>\n                                    <\/div>\n            <\/div>\n        \n        \n    <\/div>\n\n            <\/div>\n        <\/div>\n    <\/div>\n\n    \n    <div class=\"wpb_column vc_column_container vc_col-sm-6 vc_col-lg-3 vc_col-md-4\" style=\"margin-bottom: 20px;\">\n        <div class=\"vc_column-inner\">\n            <div class=\"wpb_wrapper\">\n    \n    <div class=\"team_holder\">\n        \n        \n            <div class=\"team_container\">\n                \n                <div class=\"team_image\">\n                                        <div class=\"team_info\">\n                        <p>Christina er med p\u00e5 holdet, der samler de administrative tr\u00e5de i organisationen. Hun h\u00e5ndterer bl.a. leverand\u00f8rfakturaer og jonglerer dagligt med mange opgaver. Christina er altid smilende, har god ordenssans og er altid klar med en hj\u00e6lpende h\u00e5nd.<\/p>\n                    <\/div>\n                                                                <img src=\"https:\/\/ketner.dk\/herning\/wp-content\/uploads\/2021\/02\/christina-christensen.jpg\" alt=\"\">\n                                    <\/div>\n                <div class=\"team_content\">\n                    <h4 itemprop=\"name\" class=\"entry_title\">Christina Christensen<\/h4>\n                    <p class=\"team_titel\">Bogholderi og kontorassistent<\/p>\n                                            <div class=\"team_mail\">\n                            <a itemprop=\"url\" href=\"mailto:cc@ketner.dk\" target=\"_self\">cc@ketner.dk<\/a>\n                        <\/div>\n                                                                <div class=\"team_telefon\">\n                            <a itemprop=\"url\" href=\"tel:96317574\" target=\"_self\">96317574<\/a>\n                        <\/div>\n                                    <\/div>\n            <\/div>\n        \n        \n    <\/div>\n\n            <\/div>\n        <\/div>\n    <\/div>\n\n    \n    <div class=\"wpb_column vc_column_container vc_col-sm-6 vc_col-lg-3 vc_col-md-4\" style=\"margin-bottom: 20px;\">\n        <div class=\"vc_column-inner\">\n            <div class=\"wpb_wrapper\">\n    \n    <div class=\"team_holder\">\n        \n        \n            <div class=\"team_container\">\n                \n                <div class=\"team_image\">\n                                                                <img src=\"https:\/\/ketner.dk\/herning\/wp-content\/uploads\/2026\/01\/IMG_2184.jpg\" alt=\"\">\n                                    <\/div>\n                <div class=\"team_content\">\n                    <h4 itemprop=\"name\" class=\"entry_title\">Sanni  Bjerre Jensen<\/h4>\n                    <p class=\"team_titel\">Bogholderi og kontorassistent<\/p>\n                                            <div class=\"team_mail\">\n                            <a itemprop=\"url\" href=\"mailto:sbj@ketner.dk\" target=\"_self\">sbj@ketner.dk<\/a>\n                        <\/div>\n                                                                <div class=\"team_telefon\">\n                            <a itemprop=\"url\" href=\"tel:43207634\" target=\"_self\">43207634<\/a>\n                        <\/div>\n                                    <\/div>\n            <\/div>\n        \n        \n    <\/div>\n\n            <\/div>\n        <\/div>\n    <\/div>\n\n    \n    <\/div><\/div>\n    \n    [\/vc_column][\/vc_row]<\/p>\n","protected":false},"excerpt":{"rendered":"<p>[vc_row css_animation=&#8221;&#8221; row_type=&#8221;row&#8221; use_row_as_full_screen_section=&#8221;no&#8221; type=&#8221;grid&#8221; angled_section=&#8221;no&#8221; text_align=&#8221;left&#8221; background_image_as_pattern=&#8221;without_pattern&#8221; el_class=&#8221;padding80 equal-height align-center&#8221; z_index=&#8221;&#8221; css=&#8221;.vc_custom_1612779213897{background-color: #f0f0f0 !important;}&#8221;][vc_column el_class=&#8221;paddingright&#8221; offset=&#8221;vc_col-md-6&#8243;][vc_column_text] M\u00f8d frontpersonalet I Herning st\u00e5r vores v\u00e6rkf\u00f8rer klar til at tage imod dig og din bil. Kontakt dem og f\u00e5 r\u00e5d og vejledning, s\u00e5 du hurtigt kan komme&#8230;<\/p>\n","protected":false},"author":2,"featured_media":0,"parent":540,"menu_order":0,"comment_status":"closed","ping_status":"closed","template":"full_width.php","meta":[],"acf":[],"_links":{"self":[{"href":"https:\/\/ketner.dk\/herning\/wp-json\/wp\/v2\/pages\/951"}],"collection":[{"href":"https:\/\/ketner.dk\/herning\/wp-json\/wp\/v2\/pages"}],"about":[{"href":"https:\/\/ketner.dk\/herning\/wp-json\/wp\/v2\/types\/page"}],"author":[{"embeddable":true,"href":"https:\/\/ketner.dk\/herning\/wp-json\/wp\/v2\/users\/2"}],"replies":[{"embeddable":true,"href":"https:\/\/ketner.dk\/herning\/wp-json\/wp\/v2\/comments?post=951"}],"version-history":[{"count":55,"href":"https:\/\/ketner.dk\/herning\/wp-json\/wp\/v2\/pages\/951\/revisions"}],"predecessor-version":[{"id":3223,"href":"https:\/\/ketner.dk\/herning\/wp-json\/wp\/v2\/pages\/951\/revisions\/3223"}],"up":[{"embeddable":true,"href":"https:\/\/ketner.dk\/herning\/wp-json\/wp\/v2\/pages\/540"}],"wp:attachment":[{"href":"https:\/\/ketner.dk\/herning\/wp-json\/wp\/v2\/media?parent=951"}],"curies":[{"name":"wp","href":"https:\/\/api.w.org\/{rel}","templated":true}]}}