{"id":2884,"date":"2023-12-14T13:43:36","date_gmt":"2023-12-14T13:43:36","guid":{"rendered":"https:\/\/ketner.dk\/holstebro\/?page_id=2884"},"modified":"2025-09-16T08:51:17","modified_gmt":"2025-09-16T08:51:17","slug":"service-paa-din-tesla-til-fast-pris-ketner-holstebro","status":"publish","type":"page","link":"https:\/\/ketner.dk\/holstebro\/service-paa-din-tesla-til-fast-pris-ketner-holstebro\/","title":{"rendered":"Service p\u00e5 din Tesla til fast pris &#8211; Ketner Holstebro"},"content":{"rendered":"<p>[vc_row css_animation=&#8221;&#8221; row_type=&#8221;row&#8221; use_row_as_full_screen_section=&#8221;no&#8221; type=&#8221;full_width&#8221; angled_section=&#8221;no&#8221; text_align=&#8221;left&#8221; video=&#8221;show_video&#8221; background_image_as_pattern=&#8221;without_pattern&#8221; z_index=&#8221;&#8221; css=&#8221;.vc_custom_1611135070769{background-color: #707070 !important;background-position: center !important;background-repeat: no-repeat !important;background-size: cover !important;}&#8221; video_image=&#8221;252&#8243; video_mp4=&#8221;https:\/\/ketner.dk\/odense\/wp-content\/uploads\/sites\/11\/2021\/01\/BoschCarService-service-campaign.mp4&#8243;][vc_column css=&#8221;.vc_custom_1610019280958{padding-top: 0px !important;background-color: rgba(0,0,0,0.35) !important;*background-color: rgb(0,0,0) !important;}&#8221;][vc_row_inner row_type=&#8221;row&#8221; type=&#8221;grid&#8221; text_align=&#8221;center&#8221; css_animation=&#8221;&#8221;][vc_column_inner]\n        <div class=\"hero-section\">\n            \n            <div class=\"hero-container\">\n                <div class=\"hero-content\">\n                    <h1>Serviceeftersyn med fast pris og fuld fabriksgaranti<\/h1>\n                    <p>Tesla er kvalitet, der kr\u00e6ver viden og ekspertise. Hos Ketner er vi yderst kompetente til at servicere dette komplekse bilm\u00e6rke. Vi servicerer din bil ud fra Teslas forskrifter og vejledninger, og garanterer at den fulde fabriksgaranti bibeholdes.<\/p>\n<p>Book tid med fast pris p\u00e5 din model:<\/p>\n                <\/div>\n\n                <div class=\"hero-buttons\">\n                    <a itemprop=\"url\"  href=\"https:\/\/ketner.dk\/holstebro\/autovaerksted\/model-3-y\/\" target=\"_self\" class=\"qbutton  default\">Model 3 + Y<i class=\"dripicon dripicons-chevron-right\"><\/i><\/a>\n                    <a itemprop=\"url\"  href=\"https:\/\/ketner.dk\/holstebro\/autovaerksted\/model-s-x\/\" target=\"_self\" class=\"qbutton white default\">Model S + X<i class=\"dripicon dripicons-chevron-right\"><\/i><\/a>\n                <\/div>\n\n            <\/div>\n\n            \n        <div class=\"services vertical\">\n                    <\/div>\n    \n        \n        <\/div>\n\n        [\/vc_column_inner][\/vc_row_inner][\/vc_column][\/vc_row][vc_row css_animation=&#8221;&#8221; row_type=&#8221;row&#8221; use_row_as_full_screen_section=&#8221;no&#8221; type=&#8221;grid&#8221; angled_section=&#8221;no&#8221; text_align=&#8221;left&#8221; background_image_as_pattern=&#8221;without_pattern&#8221; el_class=&#8221;padding80&#8243; z_index=&#8221;&#8221;][vc_column width=&#8221;1\/3&#8243;]            <a href=\"https:\/\/ketner.dk\/holstebro\/specialer\/skadecenter\/\">\n                <div class=\"linkbox\" style=\"background-color: ;\">\n                    <div class=\"linkbox_content\">\n                        <h4 style=\"color: ;\">Skadeservice p\u00e5 Tesla<\/h4>\n                        <p style=\"color: ;\"><\/p>\n                    <\/div>\n                    <div class=\"linkbox_icon\">\n                        <i class=\"fa fa-angle-right\" style=\"color: ;\"><\/i>\n                    <\/div>\n                <\/div>\n            <\/a>\n            [\/vc_column][vc_column width=&#8221;1\/3&#8243;]            <a href=\"https:\/\/ketner.dk\/holstebro\/autovaerksted\/anhaengertraek-til-tesla\/\">\n                <div class=\"linkbox\" style=\"background-color: ;\">\n                    <div class=\"linkbox_content\">\n                        <h4 style=\"color: ;\">Anh\u00e6ngertr\u00e6k til Tesla<\/h4>\n                        <p style=\"color: ;\"><\/p>\n                    <\/div>\n                    <div class=\"linkbox_icon\">\n                        <i class=\"fa fa-angle-right\" style=\"color: ;\"><\/i>\n                    <\/div>\n                <\/div>\n            <\/a>\n            [\/vc_column][vc_column width=&#8221;1\/3&#8243;]            <a href=\"https:\/\/ketner.dk\/holstebro\/specialer\/faelg-renovering\/\">\n                <div class=\"linkbox\" style=\"background-color: ;\">\n                    <div class=\"linkbox_content\">\n                        <h4 style=\"color: ;\">F\u00e6lgrenovering<\/h4>\n                        <p style=\"color: ;\"><\/p>\n                    <\/div>\n                    <div class=\"linkbox_icon\">\n                        <i class=\"fa fa-angle-right\" style=\"color: ;\"><\/i>\n                    <\/div>\n                <\/div>\n            <\/a>\n            [\/vc_column][\/vc_row][vc_row css_animation=&#8221;&#8221; row_type=&#8221;row&#8221; use_row_as_full_screen_section=&#8221;no&#8221; type=&#8221;grid&#8221; angled_section=&#8221;no&#8221; text_align=&#8221;left&#8221; background_image_as_pattern=&#8221;without_pattern&#8221; el_class=&#8221;padding80 equal-height align-center&#8221; css=&#8221;.vc_custom_1609943863321{background-color: #fffffe !important;}&#8221; z_index=&#8221;&#8221;][vc_column offset=&#8221;vc_col-md-6&#8243;]        \n        <div class=\"image_grid-wrapper\">\n            <div class=\"image_grid\">\n                <div class=\"image_grid_item\"><img width=\"1272\" height=\"2100\" src=\"https:\/\/ketner.dk\/holstebro\/wp-content\/uploads\/2023\/10\/Bremseskift1.jpg\" class=\"attachment-full size-full\" alt=\"\" \/><\/div><div class=\"image_grid_item\"><img width=\"1973\" height=\"2100\" src=\"https:\/\/ketner.dk\/holstebro\/wp-content\/uploads\/2023\/10\/IMG_1744-1-1.jpg\" class=\"attachment-full size-full\" alt=\"\" \/><\/div><div class=\"image_grid_item\"><img width=\"2100\" height=\"1575\" src=\"https:\/\/ketner.dk\/holstebro\/wp-content\/uploads\/2023\/10\/Tesla-tester-varmeapparat-rat-uden-logo-1.jpg\" class=\"attachment-full size-full\" alt=\"\" \/><\/div>            <\/div>\n        <\/div>\n\n        [vc_empty_space height=&#8221;40px&#8221;][\/vc_column][vc_column el_class=&#8221;paddingleft&#8221; offset=&#8221;vc_col-md-6&#8243;][vc_column_text]<\/p>\n<h1>Overlad trygt din Tesla til os<\/h1>\n<p>Ketner har investeret i det rette specialv\u00e6rkt\u00f8j, originale Tesla testere og godkendte sikkerhedsudstyr, s\u00e5 vi kan servicere alle type modeller af Tesla.<\/p>\n<p>En Tesla har ikke er behov for hyppige olieskift, br\u00e6ndstoffiltre, t\u00e6ndr\u00f8rsudskiftninger og lignede. Men en professionel gennemgang af bilen med j\u00e6vne mellemrum kan bidrage til at opdage eventuelle problemer tidligt, og forhindre un\u00f8dvendigt slid p\u00e5 visse dele som f.eks. bremser, hvor der ofte dannes rust.<\/p>\n<p>Vi anbefaler ogs\u00e5 regelm\u00e6ssige softwareopdateringer, der forbedrer k\u00f8ret\u00f8jets ydeevne og funktioner og kan bidrage til at forbedre batteriets levetid, sikkerhedsfunktioner og autonome k\u00f8reevner.<\/p>\n<p><strong>Book tid med fast pris p\u00e5 din model:<\/strong>[\/vc_column_text][vc_empty_space height=&#8221;40px&#8221;]<a  itemprop=\"url\" href=\"https:\/\/ketner.dk\/holstebro\/autovaerksted\/model-3-y\/\" target=\"_self\"  class=\"qbutton  default\" style=\"margin: 0 20px 0 0; \">Model 3 + Y<i class=\"qodef-icon-dripicons dripicon dripicons-chevron-right qode_button_icon_element\" style=\"\" ><\/i><\/a><a  itemprop=\"url\" href=\"https:\/\/ketner.dk\/holstebro\/autovaerksted\/model-s-x\/\" target=\"_self\"  class=\"qbutton  white default\" style=\"margin: 0 20px 0 0; \">Model S + X<i class=\"qodef-icon-dripicons dripicon dripicons-chevron-right qode_button_icon_element\" style=\"\" ><\/i><\/a>[vc_empty_space height=&#8221;40px&#8221;]<a id=\"bliv-ringet-op\" itemprop=\"url\" href=\"\" target=\"_self\"  class=\"qbutton  default\" style=\"margin: 0 20px 0 0; \">Bliv ringet op<i class=\"qodef-icon-dripicons dripicon dripicons-chevron-right qode_button_icon_element\" style=\"\" ><\/i><\/a>[\/vc_column][\/vc_row][vc_row css_animation=&#8221;&#8221; row_type=&#8221;row&#8221; use_row_as_full_screen_section=&#8221;no&#8221; type=&#8221;grid&#8221; angled_section=&#8221;no&#8221; text_align=&#8221;center&#8221; background_image_as_pattern=&#8221;without_pattern&#8221; el_class=&#8221;padding80&#8243; css=&#8221;.vc_custom_1609935864894{background-color: #002a3b !important;}&#8221; z_index=&#8221;&#8221;][vc_column][vc_row_inner row_type=&#8221;row&#8221; type=&#8221;full_width&#8221; text_align=&#8221;left&#8221; css_animation=&#8221;&#8221;][vc_column_inner width=&#8221;1\/2&#8243; offset=&#8221;vc_col-md-3&#8243;]        \n        <div class=\"icon_text\">\n            <div class=\"icon_text_image\">\n                <img width=\"36\" height=\"36\" src=\"https:\/\/ketner.dk\/holstebro\/wp-content\/uploads\/2021\/01\/icons-white-tools.svg\" class=\"attachment-full size-full\" alt=\"\" srcset=\"https:\/\/ketner.dk\/holstebro\/wp-content\/uploads\/sites\/8\/\/2021\/01\/icons-white-tools.svg 150w, https:\/\/ketner.dk\/holstebro\/wp-content\/uploads\/sites\/8\/\/2021\/01\/icons-white-tools.svg 300w, https:\/\/ketner.dk\/holstebro\/wp-content\/uploads\/sites\/8\/\/2021\/01\/icons-white-tools.svg 1024w, https:\/\/ketner.dk\/holstebro\/wp-content\/uploads\/sites\/8\/\/2021\/01\/icons-white-tools.svg 36w\" sizes=\"(max-width: 36px) 100vw, 36px\" \/>            <\/div>\n            <div class=\"icon_text_content\">\n                <h3>Professionelt<\/h3>\n                <p>Nyeste og mest avancerede udstyr indenfor autobranchen.<\/p>\n            <\/div>\n        <\/div>\n\n        [\/vc_column_inner][vc_column_inner width=&#8221;1\/2&#8243; offset=&#8221;vc_col-md-3&#8243;]        \n        <div class=\"icon_text\">\n            <div class=\"icon_text_image\">\n                <img width=\"36\" height=\"36\" src=\"https:\/\/ketner.dk\/holstebro\/wp-content\/uploads\/2021\/01\/icons-white-car.svg\" class=\"attachment-full size-full\" alt=\"\" srcset=\"https:\/\/ketner.dk\/holstebro\/wp-content\/uploads\/sites\/8\/\/2021\/01\/icons-white-car.svg 150w, https:\/\/ketner.dk\/holstebro\/wp-content\/uploads\/sites\/8\/\/2021\/01\/icons-white-car.svg 300w, https:\/\/ketner.dk\/holstebro\/wp-content\/uploads\/sites\/8\/\/2021\/01\/icons-white-car.svg 1024w, https:\/\/ketner.dk\/holstebro\/wp-content\/uploads\/sites\/8\/\/2021\/01\/icons-white-car.svg 36w\" sizes=\"(max-width: 36px) 100vw, 36px\" \/>            <\/div>\n            <div class=\"icon_text_content\">\n                <h3>F\u00e5 en l\u00e5nebil<\/h3>\n                <p>Vi har en bil klar til dig, s\u00e5 du er k\u00f8rende, mens din bil er p\u00e5 v\u00e6rksted.<\/p>\n            <\/div>\n        <\/div>\n\n        [\/vc_column_inner][vc_column_inner width=&#8221;1\/2&#8243; offset=&#8221;vc_col-md-3&#8243;]        \n        <div class=\"icon_text\">\n            <div class=\"icon_text_image\">\n                <img width=\"36\" height=\"36\" src=\"https:\/\/ketner.dk\/holstebro\/wp-content\/uploads\/2021\/01\/icons-white-list.svg\" class=\"attachment-full size-full\" alt=\"\" srcset=\"https:\/\/ketner.dk\/holstebro\/wp-content\/uploads\/sites\/8\/\/2021\/01\/icons-white-list.svg 150w, https:\/\/ketner.dk\/holstebro\/wp-content\/uploads\/sites\/8\/\/2021\/01\/icons-white-list.svg 300w, https:\/\/ketner.dk\/holstebro\/wp-content\/uploads\/sites\/8\/\/2021\/01\/icons-white-list.svg 1024w, https:\/\/ketner.dk\/holstebro\/wp-content\/uploads\/sites\/8\/\/2021\/01\/icons-white-list.svg 36w\" sizes=\"(max-width: 36px) 100vw, 36px\" \/>            <\/div>\n            <div class=\"icon_text_content\">\n                <h3>SOS Vejhj\u00e6lp<\/h3>\n                <p>Gratis vejhj\u00e6lp efter 1. serviceeftersyn<\/p>\n            <\/div>\n        <\/div>\n\n        [\/vc_column_inner][vc_column_inner width=&#8221;1\/2&#8243; offset=&#8221;vc_col-md-3&#8243;]        \n        <div class=\"icon_text\">\n            <div class=\"icon_text_image\">\n                <img width=\"36\" height=\"36\" src=\"https:\/\/ketner.dk\/holstebro\/wp-content\/uploads\/2021\/01\/icons-white-time-calendar.svg\" class=\"attachment-full size-full\" alt=\"\" srcset=\"https:\/\/ketner.dk\/holstebro\/wp-content\/uploads\/sites\/8\/\/2021\/01\/icons-white-time-calendar.svg 150w, https:\/\/ketner.dk\/holstebro\/wp-content\/uploads\/sites\/8\/\/2021\/01\/icons-white-time-calendar.svg 300w, https:\/\/ketner.dk\/holstebro\/wp-content\/uploads\/sites\/8\/\/2021\/01\/icons-white-time-calendar.svg 1024w, https:\/\/ketner.dk\/holstebro\/wp-content\/uploads\/sites\/8\/\/2021\/01\/icons-white-time-calendar.svg 36w\" sizes=\"(max-width: 36px) 100vw, 36px\" \/>            <\/div>\n            <div class=\"icon_text_content\">\n                <h3>Kort ventetid<\/h3>\n                <p>Her f\u00e5r du hurtig service, s\u00e5 du ikke skal undv\u00e6re din bil i l\u00e6ngere tid.<\/p>\n            <\/div>\n        <\/div>\n\n        [\/vc_column_inner][\/vc_row_inner][vc_empty_space height=&#8221;40px&#8221;][\/vc_column][\/vc_row][vc_row css_animation=&#8221;&#8221; row_type=&#8221;row&#8221; use_row_as_full_screen_section=&#8221;no&#8221; type=&#8221;grid&#8221; angled_section=&#8221;no&#8221; text_align=&#8221;left&#8221; background_image_as_pattern=&#8221;without_pattern&#8221; el_class=&#8221;padding80&#8243; css=&#8221;.vc_custom_1609918823174{background-color: #fffffe !important;}&#8221; z_index=&#8221;&#8221;][vc_column offset=&#8221;vc_col-lg-offset-1 vc_col-lg-10&#8243;][vc_column_text el_class=&#8221;center-text&#8221;]<\/p>\n<h2 style=\"text-align: center;\">Jyllands specialist i Tesla<\/h2>\n<p>Er der problemer med batteriet?<\/p>\n<p>Som nogle af de f\u00f8rste i Danmark kan vi ogs\u00e5 reparere Tesla-batterier, hvilket b\u00e5de gavner milj\u00f8et \u2013 CO2 aftrykket \u2013 og \u00f8konomien. H\u00f8r om pris inden du v\u00e6lger en totaludskiftning.<\/p>\n<h2><strong>Har din Tesla f\u00e5et en skade?<\/strong><\/h2>\n<p>Ved skader p\u00e5 din Tesla kan vi hurtigt hj\u00e6lpe dig videre. Vores teknikere er uddannede og certificerede til at lave opretning, svejsning og anden pladearbejde p\u00e5 elbiler og arbejdet bliver udf\u00f8rt i h\u00f8jeste kvalitet. Samtidig s\u00f8rger vi for at sikkerhedssystemerne er kalibreret p\u00e5 ny efter kollisionen, s\u00e5 hvis uheldet skulle v\u00e6re ude, er du sikret igen.<\/p>\n<p>[\/vc_column_text][\/vc_column][\/vc_row][vc_row css_animation=&#8221;&#8221; row_type=&#8221;row&#8221; use_row_as_full_screen_section=&#8221;no&#8221; type=&#8221;grid&#8221; angled_section=&#8221;no&#8221; text_align=&#8221;center&#8221; background_image_as_pattern=&#8221;without_pattern&#8221; z_index=&#8221;&#8221; el_class=&#8221;padding100&#8243; css=&#8221;.vc_custom_1697014644586{padding-top: 0px !important;background-color: #fffffe !important;}&#8221;][vc_column]<a  itemprop=\"url\" href=\"https:\/\/ketner.dk\/holstebro\/autovaerksted\/model-s-x\/\" target=\"_self\"  class=\"qbutton  white default\" style=\"margin: 0 20px 0 0; \">Model S + X<i class=\"qodef-icon-dripicons dripicon dripicons-chevron-right qode_button_icon_element\" style=\"\" ><\/i><\/a><a  itemprop=\"url\" href=\"https:\/\/ketner.dk\/holstebro\/autovaerksted\/model-3-y\/\" target=\"_self\"  class=\"qbutton  default\" style=\"margin: 0 20px 0 0; \">Model 3 + Y<i class=\"qodef-icon-dripicons dripicon dripicons-chevron-right qode_button_icon_element\" style=\"\" ><\/i><\/a>[\/vc_column][vc_column][\/vc_column][\/vc_row]<\/p>\n","protected":false},"excerpt":{"rendered":"<p>[vc_row css_animation=&#8221;&#8221; row_type=&#8221;row&#8221; use_row_as_full_screen_section=&#8221;no&#8221; type=&#8221;full_width&#8221; angled_section=&#8221;no&#8221; text_align=&#8221;left&#8221; video=&#8221;show_video&#8221; background_image_as_pattern=&#8221;without_pattern&#8221; z_index=&#8221;&#8221; css=&#8221;.vc_custom_1611135070769{background-color: #707070 !important;background-position: center !important;background-repeat: no-repeat !important;background-size: cover !important;}&#8221; video_image=&#8221;252&#8243; video_mp4=&#8221;https:\/\/ketner.dk\/odense\/wp-content\/uploads\/sites\/11\/2021\/01\/BoschCarService-service-campaign.mp4&#8243;][vc_column css=&#8221;.vc_custom_1610019280958{padding-top: 0px !important;background-color: rgba(0,0,0,0.35) !important;*background-color: rgb(0,0,0) !important;}&#8221;][vc_row_inner row_type=&#8221;row&#8221; type=&#8221;grid&#8221; text_align=&#8221;center&#8221; css_animation=&#8221;&#8221;][vc_column_inner][\/vc_column_inner][\/vc_row_inner][\/vc_column][\/vc_row][vc_row css_animation=&#8221;&#8221; row_type=&#8221;row&#8221; use_row_as_full_screen_section=&#8221;no&#8221; type=&#8221;grid&#8221; angled_section=&#8221;no&#8221; text_align=&#8221;left&#8221; background_image_as_pattern=&#8221;without_pattern&#8221; el_class=&#8221;padding80&#8243; z_index=&#8221;&#8221;][vc_column width=&#8221;1\/3&#8243;][\/vc_column][vc_column width=&#8221;1\/3&#8243;][\/vc_column][vc_column width=&#8221;1\/3&#8243;][\/vc_column][\/vc_row][vc_row css_animation=&#8221;&#8221;&#8230;<\/p>\n","protected":false},"author":7,"featured_media":0,"parent":0,"menu_order":0,"comment_status":"closed","ping_status":"closed","template":"full_width.php","meta":[],"acf":[],"meta_title":"","meta_description":"","focus_keyword":"","parent_slug":null,"vc_single_images":[],"_links":{"self":[{"href":"https:\/\/ketner.dk\/holstebro\/wp-json\/wp\/v2\/pages\/2884"}],"collection":[{"href":"https:\/\/ketner.dk\/holstebro\/wp-json\/wp\/v2\/pages"}],"about":[{"href":"https:\/\/ketner.dk\/holstebro\/wp-json\/wp\/v2\/types\/page"}],"author":[{"embeddable":true,"href":"https:\/\/ketner.dk\/holstebro\/wp-json\/wp\/v2\/users\/7"}],"replies":[{"embeddable":true,"href":"https:\/\/ketner.dk\/holstebro\/wp-json\/wp\/v2\/comments?post=2884"}],"version-history":[{"count":10,"href":"https:\/\/ketner.dk\/holstebro\/wp-json\/wp\/v2\/pages\/2884\/revisions"}],"predecessor-version":[{"id":3160,"href":"https:\/\/ketner.dk\/holstebro\/wp-json\/wp\/v2\/pages\/2884\/revisions\/3160"}],"wp:attachment":[{"href":"https:\/\/ketner.dk\/holstebro\/wp-json\/wp\/v2\/media?parent=2884"}],"curies":[{"name":"wp","href":"https:\/\/api.w.org\/{rel}","templated":true}]}}