{"id":265,"date":"2021-01-27T11:41:47","date_gmt":"2021-01-27T11:41:47","guid":{"rendered":"https:\/\/lazzatest.dk\/ketner\/kolding\/?page_id=265"},"modified":"2024-11-21T10:51:46","modified_gmt":"2024-11-21T10:51:46","slug":"faelg-renovering","status":"publish","type":"page","link":"https:\/\/ketner.dk\/kolding\/specialer\/faelg-renovering\/","title":{"rendered":"F\u00e6lgrenovering"},"content":{"rendered":"<p>[vc_row css_animation=&#8221;&#8221; row_type=&#8221;row&#8221; use_row_as_full_screen_section=&#8221;no&#8221; type=&#8221;grid&#8221; angled_section=&#8221;no&#8221; text_align=&#8221;left&#8221; background_image_as_pattern=&#8221;without_pattern&#8221; el_class=&#8221;equal-height align-center&#8221; z_index=&#8221;&#8221; css=&#8221;.vc_custom_1611743526268{background-color: #fffffe !important;}&#8221;][vc_column el_class=&#8221;padding80 paddingright&#8221; offset=&#8221;vc_col-md-6&#8243;][vc_column_text]<\/p>\n<h1>Renovering af aluf\u00e6lge i Kolding<\/h1>\n<p><span style=\"font-weight: 400;\">Selvom dine f\u00e6lge har f\u00e5et mange ridser eller m\u00e5ske er blevet sk\u00e6ve, er det ikke altid n\u00f8dvendigt at bruge mange penge p\u00e5 at f\u00e5 dem skiftet ud. Hos Ketner f\u00e5r du en professionel renovering af aluf\u00e6lge p\u00e5 vores v\u00e6rksted i Kolding.\u00a0<\/span><\/p>\n<p><span style=\"font-weight: 400;\">Vi har branchens mest avancerede og bedste udstyr, og vi kan derfor rette op p\u00e5 selv store skader. Vi kan b\u00e5de reparere, oprette og afdreje f\u00e6lge meget n\u00f8jagtigt, s\u00e5 du vil altid k\u00f8re herfra med skinnende og fine f\u00e6lge.\u00a0<\/span><\/p>\n<p>Vi har ogs\u00e5 mulighed for at lakere dine f\u00e6lge eller lave reparationer af lakskader. P\u00e5 den m\u00e5de kan vi hj\u00e6lpe dig med at bevare og vedligeholde dine originale f\u00e6lge til din bil. En professionel f\u00e6lgrenovering koster fra ca. 1.800 kr. inkl. moms pr. f\u00e6lg, alt efter skadens omfang og st\u00f8rrelsen p\u00e5 f\u00e6lgen.<\/p>\n<p>Kontakt os allerede i dag og f\u00e5 et uforpligtende tilbud. Udfyld nedenst\u00e5ende formular og vedl\u00e6g foto, s\u00e5 vi kan vurdere skadens omfang. S\u00e5 vender vi hurtigt tilbage med en pris.[\/vc_column_text][vc_empty_space height=&#8221;40px&#8221;]<a  itemprop=\"url\" href=\"https:\/\/ketner.dk\/kolding\/faelgrenovering-tilbud\/\" target=\"_self\"  class=\"qbutton  default\" style=\"margin: 0 20px 0 0; \">F\u00e5 et tilbud<i class=\"qodef-icon-dripicons dripicon dripicons-chevron-right qode_button_icon_element\" style=\"\" ><\/i><\/a><a id=\"bliv-ringet-op\" itemprop=\"url\" href=\"#\" target=\"_self\"  class=\"qbutton  white default\" style=\"margin: 0 20px 0 0; \">Bliv ringet op<i class=\"qodef-icon-dripicons dripicon dripicons-chevron-right qode_button_icon_element\" style=\"\" ><\/i><\/a>[vc_empty_space height=&#8221;40px&#8221;][\/vc_column][vc_column el_class=&#8221;video-container&#8221; offset=&#8221;vc_col-md-6&#8243;]\n                \n        <div class=\"youtube-wrapper\">\n            <div class=\"youtube overlay \" data-embed=\"aHRcJNpFCpw\">\n\t\t\t\t<div class=\"play-button\">\n\t\t\t\t\t<svg class=\"circle\" xmlns=\"http:\/\/www.w3.org\/2000\/svg\">\n\t\t\t\t\t\t<g>\n\t\t\t\t\t\t\t<ellipse class=\"background\" ry=\"40\" rx=\"40\" cy=\"42\" cx=\"42\" stroke-width=\"2\"\/>\n\t\t\t\t\t\t\t<polygon class=\"play-icon\" points=\"52,43 34,52 34,34\" \/>\n\t\t\t\t\t\t<\/g>\n\t\t\t\t\t<\/svg>\n\t\t\t\t\t<p>Se hvordan vi renovere en f\u00e6lg<\/p>\n                <\/div>\n                \t\t\t<\/div>\n\t\t<\/div>\n\n        [\/vc_column][\/vc_row][vc_row css_animation=&#8221;&#8221; row_type=&#8221;row&#8221; use_row_as_full_screen_section=&#8221;no&#8221; type=&#8221;grid&#8221; angled_section=&#8221;no&#8221; text_align=&#8221;left&#8221; background_image_as_pattern=&#8221;without_pattern&#8221; el_class=&#8221;padding80 equal-height align-center&#8221; css=&#8221;.vc_custom_1611737133965{background-color: #f0f0f0 !important;}&#8221; z_index=&#8221;&#8221;][vc_column offset=&#8221;vc_col-md-6&#8243;]        \n        <div class=\"image_grid-wrapper\">\n            <div class=\"image_grid\">\n                <div class=\"image_grid_item\"><img width=\"1200\" height=\"1200\" src=\"https:\/\/ketner.dk\/kolding\/wp-content\/uploads\/2021\/02\/Faelgrenoveringsmaskine.jpg\" class=\"attachment-full size-full\" alt=\"\" srcset=\"https:\/\/ketner.dk\/kolding\/wp-content\/uploads\/sites\/9\/2021\/02\/Faelgrenoveringsmaskine.jpg 1200w, https:\/\/ketner.dk\/kolding\/wp-content\/uploads\/sites\/9\/2021\/02\/Faelgrenoveringsmaskine-300x300.jpg 300w, https:\/\/ketner.dk\/kolding\/wp-content\/uploads\/sites\/9\/2021\/02\/Faelgrenoveringsmaskine-1024x1024.jpg 1024w, https:\/\/ketner.dk\/kolding\/wp-content\/uploads\/sites\/9\/2021\/02\/Faelgrenoveringsmaskine-150x150.jpg 150w, https:\/\/ketner.dk\/kolding\/wp-content\/uploads\/sites\/9\/2021\/02\/Faelgrenoveringsmaskine-768x768.jpg 768w, https:\/\/ketner.dk\/kolding\/wp-content\/uploads\/sites\/9\/2021\/02\/Faelgrenoveringsmaskine-576x576.jpg 576w, https:\/\/ketner.dk\/kolding\/wp-content\/uploads\/sites\/9\/2021\/02\/Faelgrenoveringsmaskine-570x570.jpg 570w, https:\/\/ketner.dk\/kolding\/wp-content\/uploads\/sites\/9\/2021\/02\/Faelgrenoveringsmaskine-500x500.jpg 500w, https:\/\/ketner.dk\/kolding\/wp-content\/uploads\/sites\/9\/2021\/02\/Faelgrenoveringsmaskine-1000x1000.jpg 1000w, https:\/\/ketner.dk\/kolding\/wp-content\/uploads\/sites\/9\/2021\/02\/Faelgrenoveringsmaskine-700x700.jpg 700w\" sizes=\"(max-width: 1200px) 100vw, 1200px\" \/><\/div><div class=\"image_grid_item\"><img width=\"1200\" height=\"675\" src=\"https:\/\/ketner.dk\/kolding\/wp-content\/uploads\/2021\/01\/BMW-faelg.jpg\" class=\"attachment-full size-full\" alt=\"\" srcset=\"https:\/\/ketner.dk\/kolding\/wp-content\/uploads\/sites\/9\/2021\/01\/BMW-faelg.jpg 1200w, https:\/\/ketner.dk\/kolding\/wp-content\/uploads\/sites\/9\/2021\/01\/BMW-faelg-300x169.jpg 300w, https:\/\/ketner.dk\/kolding\/wp-content\/uploads\/sites\/9\/2021\/01\/BMW-faelg-1024x576.jpg 1024w, https:\/\/ketner.dk\/kolding\/wp-content\/uploads\/sites\/9\/2021\/01\/BMW-faelg-768x432.jpg 768w, https:\/\/ketner.dk\/kolding\/wp-content\/uploads\/sites\/9\/2021\/01\/BMW-faelg-700x394.jpg 700w, https:\/\/ketner.dk\/kolding\/wp-content\/uploads\/sites\/9\/2021\/01\/BMW-faelg-539x303.jpg 539w\" sizes=\"(max-width: 1200px) 100vw, 1200px\" \/><\/div><div class=\"image_grid_item\"><img width=\"1077\" height=\"1078\" src=\"https:\/\/ketner.dk\/kolding\/wp-content\/uploads\/2021\/02\/Afdrejning.jpg\" class=\"attachment-full size-full\" alt=\"\" srcset=\"https:\/\/ketner.dk\/kolding\/wp-content\/uploads\/sites\/9\/2021\/02\/Afdrejning.jpg 1077w, https:\/\/ketner.dk\/kolding\/wp-content\/uploads\/sites\/9\/2021\/02\/Afdrejning-300x300.jpg 300w, https:\/\/ketner.dk\/kolding\/wp-content\/uploads\/sites\/9\/2021\/02\/Afdrejning-1024x1024.jpg 1024w, https:\/\/ketner.dk\/kolding\/wp-content\/uploads\/sites\/9\/2021\/02\/Afdrejning-150x150.jpg 150w, https:\/\/ketner.dk\/kolding\/wp-content\/uploads\/sites\/9\/2021\/02\/Afdrejning-768x769.jpg 768w, https:\/\/ketner.dk\/kolding\/wp-content\/uploads\/sites\/9\/2021\/02\/Afdrejning-576x576.jpg 576w, https:\/\/ketner.dk\/kolding\/wp-content\/uploads\/sites\/9\/2021\/02\/Afdrejning-570x570.jpg 570w, https:\/\/ketner.dk\/kolding\/wp-content\/uploads\/sites\/9\/2021\/02\/Afdrejning-500x500.jpg 500w, https:\/\/ketner.dk\/kolding\/wp-content\/uploads\/sites\/9\/2021\/02\/Afdrejning-1000x1000.jpg 1000w, https:\/\/ketner.dk\/kolding\/wp-content\/uploads\/sites\/9\/2021\/02\/Afdrejning-700x701.jpg 700w\" sizes=\"(max-width: 1077px) 100vw, 1077px\" \/><\/div>            <\/div>\n        <\/div>\n\n        [vc_empty_space height=&#8221;40px&#8221;][\/vc_column][vc_column el_class=&#8221;paddingleft&#8221; offset=&#8221;vc_col-md-6&#8243;][vc_column_text]<\/p>\n<h2>K\u00f8r herfra med flotte og skinnende f\u00e6lge<\/h2>\n<p><span style=\"font-weight: 400;\">Hos Ketner i Kolding tilbyder vi dig langt mere end blot en reparation af skaderne p\u00e5 dine f\u00e6lge. Bes\u00f8ger du os p\u00e5 vores v\u00e6rksted p\u00e5 Ole R\u00f8mersvej 2, kan du ogs\u00e5 tilk\u00f8be maling og reparation af lakskader, s\u00e5 f\u00e6lgene bliver helt som nye igen. En f\u00e6lg-renovering kan blandt andet involvere:<\/span><\/p>\n<ul>\n<li style=\"font-weight: 400;\" aria-level=\"1\"><span style=\"font-weight: 400;\">Polering og reparation af mindre skader\u00a0<\/span><\/li>\n<li style=\"font-weight: 400;\" aria-level=\"1\"><span style=\"font-weight: 400;\">Spr\u00f8jtelakering\u00a0<\/span><\/li>\n<li style=\"font-weight: 400;\" aria-level=\"1\"><span style=\"font-weight: 400;\">Opretning af sk\u00e6ve f\u00e6lge\u00a0<\/span><\/li>\n<li style=\"font-weight: 400;\" aria-level=\"1\"><span style=\"font-weight: 400;\">Afdrejning af overflade\u00a0<\/span><\/li>\n<\/ul>\n<p><span style=\"font-weight: 400;\">Oplever du derfor det mindste med dine f\u00e6lge, st\u00e5r vores specialister altid klar til at l\u00f8se problemet for dig. Du er altid velkommen til at k\u00f8re forbi vores v\u00e6rksted, s\u00e5 tager vi et kig p\u00e5 det med det samme, og ser hvad vi kan g\u00f8re for dig.<\/span>[\/vc_column_text][\/vc_column][\/vc_row][vc_row css_animation=&#8221;&#8221; row_type=&#8221;row&#8221; use_row_as_full_screen_section=&#8221;no&#8221; type=&#8221;grid&#8221; angled_section=&#8221;no&#8221; text_align=&#8221;left&#8221; background_image_as_pattern=&#8221;without_pattern&#8221; el_class=&#8221;padding80&#8243; css=&#8221;.vc_custom_1612355763305{background-color: #fffffe !important;}&#8221; z_index=&#8221;&#8221;][vc_column][vc_column_text]<\/p>\n<h3>Kontakt os i dag og bestil tid til reparation af aluf\u00e6lge hos os i Kolding<\/h3>\n<p><span style=\"font-weight: 400;\">K\u00f8rer du rundt med ridser p\u00e5 f\u00e6lgene? Skynd dig og tag kontakt til os, s\u00e5 er du hurtigt tilbage p\u00e5 vejene med skinnende f\u00e6lge, der med garanti \u00f8ger din k\u00f8regl\u00e6de. Vi sidder altid klar til at svare p\u00e5 dine sp\u00f8rgsm\u00e5l, s\u00e5 hvad enten du \u00f8nsker at bestille en tid eller h\u00f8re mere om vores f\u00e6lg-renovering p\u00e5 v\u00e6rkstedet i Kolding, er du meget velkommen til at kontakte os.<\/span><\/p>\n<p><span style=\"font-weight: 400;\">Vi gl\u00e6der os til at byde dig velkommen i Kolding. <\/span>[\/vc_column_text][vc_empty_space height=&#8221;40px&#8221;]<a  itemprop=\"url\" href=\"https:\/\/ketner.dk\/kolding\/faelgrenovering-tilbud\/\" target=\"_self\"  class=\"qbutton  default\" style=\"margin: 0 20px 0 0; \">F\u00e5 et tilbud<i class=\"qodef-icon-dripicons dripicon dripicons-chevron-right qode_button_icon_element\" style=\"\" ><\/i><\/a><a id=\"bliv-ringet-op\" itemprop=\"url\" href=\"#\" target=\"_self\"  class=\"qbutton  white default\" style=\"margin: 0 20px 0 0; \">Bliv ringet op<i class=\"qodef-icon-dripicons dripicon dripicons-chevron-right qode_button_icon_element\" style=\"\" ><\/i><\/a>[\/vc_column][\/vc_row]<\/p>\n","protected":false},"excerpt":{"rendered":"<p>[vc_row css_animation=&#8221;&#8221; row_type=&#8221;row&#8221; use_row_as_full_screen_section=&#8221;no&#8221; type=&#8221;grid&#8221; angled_section=&#8221;no&#8221; text_align=&#8221;left&#8221; background_image_as_pattern=&#8221;without_pattern&#8221; el_class=&#8221;equal-height align-center&#8221; z_index=&#8221;&#8221; css=&#8221;.vc_custom_1611743526268{background-color: #fffffe !important;}&#8221;][vc_column el_class=&#8221;padding80 paddingright&#8221; offset=&#8221;vc_col-md-6&#8243;][vc_column_text] Renovering af aluf\u00e6lge i Kolding Selvom dine f\u00e6lge har f\u00e5et mange ridser eller m\u00e5ske er blevet sk\u00e6ve, er det ikke altid n\u00f8dvendigt at bruge mange penge p\u00e5 at&#8230;<\/p>\n","protected":false},"author":1,"featured_media":0,"parent":267,"menu_order":0,"comment_status":"closed","ping_status":"closed","template":"full_width.php","meta":[],"acf":[],"_links":{"self":[{"href":"https:\/\/ketner.dk\/kolding\/wp-json\/wp\/v2\/pages\/265"}],"collection":[{"href":"https:\/\/ketner.dk\/kolding\/wp-json\/wp\/v2\/pages"}],"about":[{"href":"https:\/\/ketner.dk\/kolding\/wp-json\/wp\/v2\/types\/page"}],"author":[{"embeddable":true,"href":"https:\/\/ketner.dk\/kolding\/wp-json\/wp\/v2\/users\/1"}],"replies":[{"embeddable":true,"href":"https:\/\/ketner.dk\/kolding\/wp-json\/wp\/v2\/comments?post=265"}],"version-history":[{"count":26,"href":"https:\/\/ketner.dk\/kolding\/wp-json\/wp\/v2\/pages\/265\/revisions"}],"predecessor-version":[{"id":3043,"href":"https:\/\/ketner.dk\/kolding\/wp-json\/wp\/v2\/pages\/265\/revisions\/3043"}],"up":[{"embeddable":true,"href":"https:\/\/ketner.dk\/kolding\/wp-json\/wp\/v2\/pages\/267"}],"wp:attachment":[{"href":"https:\/\/ketner.dk\/kolding\/wp-json\/wp\/v2\/media?parent=265"}],"curies":[{"name":"wp","href":"https:\/\/api.w.org\/{rel}","templated":true}]}}