{"id":2943,"date":"2023-12-14T15:42:31","date_gmt":"2023-12-14T15:42:31","guid":{"rendered":"https:\/\/ketner.dk\/kolding\/?page_id=2943"},"modified":"2025-09-15T13:17:15","modified_gmt":"2025-09-15T13:17:15","slug":"model-s-x","status":"publish","type":"page","link":"https:\/\/ketner.dk\/kolding\/autovaerksted\/model-s-x\/","title":{"rendered":"Model S + X"},"content":{"rendered":"<p>[vc_row css_animation=&#8221;&#8221; row_type=&#8221;row&#8221; use_row_as_full_screen_section=&#8221;no&#8221; type=&#8221;grid&#8221; angled_section=&#8221;no&#8221; text_align=&#8221;left&#8221; background_image_as_pattern=&#8221;without_pattern&#8221; el_class=&#8221;equal-height align-center&#8221; z_index=&#8221;&#8221; css=&#8221;.vc_custom_1611743526268{background-color: #fffffe !important;}&#8221;][vc_column el_class=&#8221;padding80 paddingright&#8221; offset=&#8221;vc_col-md-6&#8243;][vc_column_text]<\/p>\n<h1>Serviceeftersyn med fast pris. Model S + X<\/h1>\n<p>Tesla kr\u00e6ver ikke obligatorisk service for at opretholde garantien p\u00e5 deres biler. Alligevel er det fornuftigt at f\u00f8lge producentens anbefalinger om eftersyn og udf\u00f8re regelm\u00e6ssige eftersyn p\u00e5 din Tesla. Det meste er forbyggende, s\u00e5 man sikrer, at alle systemer fungerer optimalt, og har mulighed for at forl\u00e6nge levetiden p\u00e5 bilen og dens komponenter.<\/p>\n<p><strong>Serviceeftersyn intervaller:<\/strong><\/p>\n\n<table id=\"tablepress-4\" class=\"tablepress tablepress-id-4\">\n<tbody>\n<tr class=\"row-1\">\n\t<td class=\"column-1\">1 \u00e5r eller 20.000 km.<\/td><td class=\"column-2\">Service 1<\/td><td class=\"column-3\">2395<\/td>\n<\/tr>\n<tr class=\"row-2\">\n\t<td class=\"column-1\">2 \u00e5r eller 40.000 km.<\/td><td class=\"column-2\">Service 2    <\/td><td class=\"column-3\">4395<\/td>\n<\/tr>\n<tr class=\"row-3\">\n\t<td class=\"column-1\">3 \u00e5r eller 60.000 km.<\/td><td class=\"column-2\">Service 1<\/td><td class=\"column-3\">2395<\/td>\n<\/tr>\n<tr class=\"row-4\">\n\t<td class=\"column-1\">4 \u00e5r eller 80.000 km.<\/td><td class=\"column-2\">Service 2 udvidet**)<\/td><td class=\"column-3\">6295<\/td>\n<\/tr>\n<tr class=\"row-5\">\n\t<td class=\"column-1\">5 \u00e5r eller 100.000 km.<\/td><td class=\"column-2\">Service 1<\/td><td class=\"column-3\">2395<\/td>\n<\/tr>\n<tr class=\"row-6\">\n\t<td class=\"column-1\">6 \u00e5r eller 120.000 km. <\/td><td class=\"column-2\">Service 2<\/td><td class=\"column-3\">4395<\/td>\n<\/tr>\n<tr class=\"row-7\">\n\t<td class=\"column-1\">7 \u00e5r eller 140.000 km.<\/td><td class=\"column-2\">Service 1<\/td><td class=\"column-3\">2395<\/td>\n<\/tr>\n<tr class=\"row-8\">\n\t<td class=\"column-1\">8 \u00e5r eller 160.000 km.<\/td><td class=\"column-2\">Service 2 udvidet**)<\/td><td class=\"column-3\">6295<\/td>\n<\/tr>\n<\/tbody>\n<\/table>\n<!-- #tablepress-4 from cache -->\n<p><strong>Se de omfattende eftersyn nedenfor:<\/strong>[\/vc_column_text][vc_empty_space][vc_row_inner row_type=&#8221;row&#8221; type=&#8221;full_width&#8221; text_align=&#8221;left&#8221; css_animation=&#8221;&#8221;][vc_column_inner width=&#8221;1\/3&#8243;]<a  itemprop=\"url\" href=\"https:\/\/ketner.dk\/kolding\/autovaerksted\/tesla\/servicebooking-tesla-model-s-x\/\" target=\"_self\"  class=\"qbutton  default\" style=\"\">Book service nu<\/a>[\/vc_column_inner][vc_column_inner width=&#8221;1\/3&#8243;]<a id=\"synstjek\" itemprop=\"url\" href=\"https:\/\/ketner.dk\/kolding\/autovaerksted\/tesla-synstjek\/\" target=\"_self\"  class=\"qbutton  white default\" style=\"margin: 0 20px 0 0; \">Gratis synstjek<i class=\"qodef-icon-dripicons dripicon dripicons-chevron-right qode_button_icon_element\" style=\"\" ><\/i><\/a>[\/vc_column_inner][\/vc_row_inner][\/vc_column][vc_column offset=&#8221;vc_col-md-6&#8243;][vc_single_image image=&#8221;3771&#8243; img_size=&#8221;full&#8221; style=&#8221;vc_box_rounded&#8221; qode_css_animation=&#8221;&#8221;][vc_empty_space height=&#8221;40px&#8221;][\/vc_column][\/vc_row][vc_row css_animation=&#8221;&#8221; row_type=&#8221;row&#8221; use_row_as_full_screen_section=&#8221;no&#8221; type=&#8221;grid&#8221; angled_section=&#8221;no&#8221; text_align=&#8221;left&#8221; background_image_as_pattern=&#8221;without_pattern&#8221; el_class=&#8221;padding80 equal-height align-center&#8221; css=&#8221;.vc_custom_1611737133965{background-color: #f0f0f0 !important;}&#8221; z_index=&#8221;&#8221;][vc_column offset=&#8221;vc_col-md-6&#8243;]        \n        <div class=\"image_grid-wrapper\">\n            <div class=\"image_grid\">\n                <div class=\"image_grid_item\"><img width=\"1373\" height=\"2100\" src=\"https:\/\/ketner.dk\/kolding\/wp-content\/uploads\/2023\/10\/tesla-hjulskifte.jpg\" class=\"attachment-full size-full\" alt=\"\" \/><\/div><div class=\"image_grid_item\"><img width=\"2100\" height=\"1575\" src=\"https:\/\/ketner.dk\/kolding\/wp-content\/uploads\/2023\/10\/Model-3-sloeret.jpg\" class=\"attachment-full size-full\" alt=\"\" \/><\/div><div class=\"image_grid_item\"><img width=\"1246\" height=\"1825\" src=\"https:\/\/ketner.dk\/kolding\/wp-content\/uploads\/2023\/10\/Tesla-tester3.jpg\" class=\"attachment-full size-full\" alt=\"\" \/><\/div>            <\/div>\n        <\/div>\n\n        [\/vc_column][vc_column el_class=&#8221;paddingleft&#8221; offset=&#8221;vc_col-md-6&#8243;][vc_column_text]<strong>Serviceeftersyn 1\u00a0 <\/strong><\/p>\n<ul>\n<li>Gennemgang jf. Teslas forskrifter<\/li>\n<li>Sm\u00f8ring af bev\u00e6gelige dele<\/li>\n<li>Gennemgang af mekaniske dele<\/li>\n<li>Kontrol af undervogn og affjedring<\/li>\n<li>Kontrol af d\u00e6k, slid og styret\u00f8j<\/li>\n<li>Kontrol af visker \/ vaskesystem<\/li>\n<li>Reng\u00f8ring og sm\u00f8ring af bremser<\/li>\n<li>Sprinklerv\u00e6ske p\u00e5fyldes<\/li>\n<li>Viskerblade udskiftes<\/li>\n<li>Sporingskontrol\/ mere pris hvis justering<\/li>\n<li>Sm\u00f8ring og justering h\u00e6ngsler og l\u00e5se<\/li>\n<li>Kontrol og justering af lygte og lys<\/li>\n<li>Kontrol af k\u00f8lerv\u00e6ske<\/li>\n<li>Testk\u00f8rsel<\/li>\n<li>Key FOB batterier i n\u00f8gle udskiftes<\/li>\n<\/ul>\n<p>[\/vc_column_text][vc_empty_space height=&#8221;40px&#8221;]<a  itemprop=\"url\" href=\"https:\/\/ketner.dk\/kolding\/autovaerksted\/tesla\/servicebooking-tesla-model-s-x\/\" target=\"_self\"  class=\"qbutton  default\" style=\"margin: 0 20px 0 0; \">Book service nu<i class=\"qodef-icon-dripicons dripicon dripicons-chevron-right qode_button_icon_element\" style=\"\" ><\/i><\/a><a id=\"bliv-ringet-op\" itemprop=\"url\" href=\"#\" target=\"_self\"  class=\"qbutton  default\" style=\"margin: 0 20px 0 0; \">Bliv ringet op<i class=\"qodef-icon-dripicons dripicon dripicons-chevron-right qode_button_icon_element\" style=\"\" ><\/i><\/a>[\/vc_column][\/vc_row][vc_row css_animation=&#8221;&#8221; row_type=&#8221;row&#8221; use_row_as_full_screen_section=&#8221;no&#8221; type=&#8221;grid&#8221; angled_section=&#8221;no&#8221; text_align=&#8221;left&#8221; background_image_as_pattern=&#8221;without_pattern&#8221; el_class=&#8221;padding80 equal-height align-center&#8221; css=&#8221;.vc_custom_1611737133965{background-color: #f0f0f0 !important;}&#8221; z_index=&#8221;&#8221;][vc_column offset=&#8221;vc_col-md-6&#8243;]        \n        <div class=\"image_grid-wrapper\">\n            <div class=\"image_grid\">\n                <div class=\"image_grid_item\"><img width=\"1338\" height=\"2100\" src=\"https:\/\/ketner.dk\/kolding\/wp-content\/uploads\/2023\/10\/Interioer-sloeret.jpg\" class=\"attachment-full size-full\" alt=\"\" \/><\/div><div class=\"image_grid_item\"><img width=\"1973\" height=\"2100\" src=\"https:\/\/ketner.dk\/kolding\/wp-content\/uploads\/2023\/10\/IMG_1744-1-1.jpg\" class=\"attachment-full size-full\" alt=\"\" \/><\/div><div class=\"image_grid_item\"><img width=\"2100\" height=\"1575\" src=\"https:\/\/ketner.dk\/kolding\/wp-content\/uploads\/2023\/10\/Bremseskift2.jpg\" class=\"attachment-full size-full\" alt=\"\" \/><\/div>            <\/div>\n        <\/div>\n\n        [\/vc_column][vc_column el_class=&#8221;paddingleft&#8221; offset=&#8221;vc_col-md-6&#8243;][vc_column_text]<strong>Serviceeftersyn 2 <\/strong><\/p>\n<ul>\n<li>Gennemgang jf. Teslas forskrifter<\/li>\n<li>Sm\u00f8ring af bev\u00e6gelige dele<\/li>\n<li>Gennemgang af mekaniske dele<\/li>\n<li>Kontrol af undervogn og affjedring<\/li>\n<li>Kontrol af d\u00e6k, slid og styret\u00f8j<\/li>\n<li>Kontrol af visker \/ vaskesystem<\/li>\n<li>Reng\u00f8ring og sm\u00f8ring af bremser<\/li>\n<li>Sprinklerv\u00e6ske p\u00e5fyldes<\/li>\n<li>Kontrol af viskerblade<\/li>\n<li>Rotation af hjul<\/li>\n<li>Sm\u00f8ring og justering h\u00e6ngsler og l\u00e5se<\/li>\n<li>Kontrol og justering af lygte og lys<\/li>\n<li>Kontrol af k\u00f8lerv\u00e6ske<\/li>\n<li>Testk\u00f8rsel<\/li>\n<li>Key FOB batterier i n\u00f8gle udskiftes<\/li>\n<li>Bremsev\u00e6ske udskiftes<\/li>\n<li>Kabinefilter udskiftes<\/li>\n<li>Sporingskontrol (till\u00e6g for evt. justering)<\/li>\n<li>Kontrol af styret\u00f8j<\/li>\n<li>Funktionskontrol af klimaanl\u00e6g (till\u00e6g for evt. k\u00f8lemiddel \/ t\u00f8rrefilter)<\/li>\n<\/ul>\n<p><strong>Udvidet<\/strong> **) hvert 4. \u00e5r ekstra i serviceeftersyn 2:<\/p>\n<ul>\n<li>K\u00f8lerv\u00e6ske for batteri udskiftes<\/li>\n<\/ul>\n<p>[\/vc_column_text][vc_empty_space height=&#8221;40px&#8221;]<a  itemprop=\"url\" href=\"https:\/\/ketner.dk\/kolding\/autovaerksted\/tesla\/servicebooking-tesla-model-s-x\/\" target=\"_self\"  class=\"qbutton  default\" style=\"margin: 0 20px 0 0; \">Book service nu<\/a><a id=\"bliv-ringet-op\" itemprop=\"url\" href=\"#\" target=\"_self\"  class=\"qbutton  default\" style=\"margin: 0 20px 0 0; \">Bliv ringet op<i class=\"qodef-icon-dripicons dripicon dripicons-chevron-right qode_button_icon_element\" style=\"\" ><\/i><\/a>[\/vc_column][\/vc_row][vc_row css_animation=&#8221;&#8221; row_type=&#8221;row&#8221; use_row_as_full_screen_section=&#8221;no&#8221; type=&#8221;grid&#8221; angled_section=&#8221;no&#8221; text_align=&#8221;left&#8221; background_image_as_pattern=&#8221;without_pattern&#8221; el_class=&#8221;padding80&#8243; css=&#8221;.vc_custom_1611736988930{background-color: #fffffe !important;}&#8221; z_index=&#8221;&#8221;][vc_column width=&#8221;1\/4&#8243;]            <a href=\"https:\/\/ketner.dk\/kolding\/specialer\/skadecenter\/\">\n                <div class=\"linkbox\" style=\"background-color: #ffffff;\">\n                    <div class=\"linkbox_content\">\n                        <h4 style=\"color: ;\">Skader p\u00e5 Tesla<\/h4>\n                        <p style=\"color: ;\"><\/p>\n                    <\/div>\n                    <div class=\"linkbox_icon\">\n                        <i class=\"fa fa-angle-right\" style=\"color: ;\"><\/i>\n                    <\/div>\n                <\/div>\n            <\/a>\n            [\/vc_column][vc_column width=&#8221;1\/4&#8243;]            <a href=\"https:\/\/ketner.dk\/kolding\/specialer\/faelg-renovering\/\">\n                <div class=\"linkbox\" style=\"background-color: #ffffff;\">\n                    <div class=\"linkbox_content\">\n                        <h4 style=\"color: ;\">F\u00e6lg renovering<\/h4>\n                        <p style=\"color: ;\"><\/p>\n                    <\/div>\n                    <div class=\"linkbox_icon\">\n                        <i class=\"fa fa-angle-right\" style=\"color: ;\"><\/i>\n                    <\/div>\n                <\/div>\n            <\/a>\n            [\/vc_column][vc_column width=&#8221;1\/4&#8243;]            <a href=\"https:\/\/ketner.dk\/kolding\/autovaerksted\/anhaengertraek-til-tesla\/\">\n                <div class=\"linkbox\" style=\"background-color: #ffffff;\">\n                    <div class=\"linkbox_content\">\n                        <h4 style=\"color: ;\">Anh\u00e6ngertr\u00e6k til Tesla<\/h4>\n                        <p style=\"color: ;\"><\/p>\n                    <\/div>\n                    <div class=\"linkbox_icon\">\n                        <i class=\"fa fa-angle-right\" style=\"color: ;\"><\/i>\n                    <\/div>\n                <\/div>\n            <\/a>\n            [\/vc_column][\/vc_row][vc_row css_animation=&#8221;&#8221; row_type=&#8221;row&#8221; use_row_as_full_screen_section=&#8221;no&#8221; type=&#8221;grid&#8221; angled_section=&#8221;no&#8221; text_align=&#8221;left&#8221; background_image_as_pattern=&#8221;without_pattern&#8221; el_class=&#8221;padding80&#8243; css=&#8221;.vc_custom_1611736988930{background-color: #fffffe !important;}&#8221; z_index=&#8221;&#8221;][vc_column][vc_column_text]<\/p>\n<h2>Er der problemer med batteriet?<\/h2>\n<p>Som nogle af de f\u00f8rste i Danmark kan vi ogs\u00e5 reparere Tesla-batterier, hvilket b\u00e5de gavner milj\u00f8et \u2013 CO2 aftrykket \u2013 og \u00f8konomien. H\u00f8r om pris inden du v\u00e6lger en totaludskiftning.<\/p>\n<h2><strong>Har din Tesla f\u00e5et en skade?<\/strong><\/h2>\n<p>Ved skader p\u00e5 din Tesla kan vi hurtigt hj\u00e6lpe dig videre. Vores teknikere er uddannede og certificerede til at lave opretning, svejsning og anden pladearbejde p\u00e5 elbiler og arbejdet bliver udf\u00f8rt i h\u00f8jeste kvalitet. Samtidig s\u00f8rger vi for at sikkerhedssystemerne er kalibreret p\u00e5 ny efter kollisionen, s\u00e5 hvis uheldet skulle v\u00e6re ude, er du sikret igen.<\/p>\n<h2>Nye f\u00e6lge til din Tesla?<\/h2>\n<p>Vi tilbyder et v\u00e6ld af f\u00e6lge til alle Tesla modeller. Se det omfattende udvalg i vores f\u00e6lgkatalog p\u00e5 nedenst\u00e5ende link[\/vc_column_text][vc_empty_space height=&#8221;40px&#8221;]<a  itemprop=\"url\" href=\"https:\/\/ketner.dk\/kolding\/autovaerksted\/tesla\/servicebooking-tesla-model-s-x\/\" target=\"_self\"  class=\"qbutton  default\" style=\"margin: 0 20px 0 0; \">Book service nu<\/a><a id=\"bliv-ringet-op\" itemprop=\"url\" href=\"#\" target=\"_self\"  class=\"qbutton  default\" style=\"margin: 0 20px 0 0; \">Bliv ringet op<i class=\"qodef-icon-dripicons dripicon dripicons-chevron-right qode_button_icon_element\" style=\"\" ><\/i><\/a>[\/vc_column][\/vc_row]<\/p>\n","protected":false},"excerpt":{"rendered":"<p>[vc_row css_animation=&#8221;&#8221; row_type=&#8221;row&#8221; use_row_as_full_screen_section=&#8221;no&#8221; type=&#8221;grid&#8221; angled_section=&#8221;no&#8221; text_align=&#8221;left&#8221; background_image_as_pattern=&#8221;without_pattern&#8221; el_class=&#8221;equal-height align-center&#8221; z_index=&#8221;&#8221; css=&#8221;.vc_custom_1611743526268{background-color: #fffffe !important;}&#8221;][vc_column el_class=&#8221;padding80 paddingright&#8221; offset=&#8221;vc_col-md-6&#8243;][vc_column_text] Serviceeftersyn med fast pris. Model S + X Tesla kr\u00e6ver ikke obligatorisk service for at opretholde garantien p\u00e5 deres biler. Alligevel er det fornuftigt at f\u00f8lge producentens anbefalinger&#8230;<\/p>\n","protected":false},"author":7,"featured_media":0,"parent":275,"menu_order":0,"comment_status":"closed","ping_status":"closed","template":"full_width.php","meta":[],"acf":[],"meta_title":"","meta_description":"","focus_keyword":"","parent_slug":"autovaerksted","vc_single_images":[{"id":3771,"url":"https:\/\/ketner.dk\/kolding\/wp-content\/uploads\/2023\/10\/Tesla-model-X-sloeret-1.jpg"}],"_links":{"self":[{"href":"https:\/\/ketner.dk\/kolding\/wp-json\/wp\/v2\/pages\/2943"}],"collection":[{"href":"https:\/\/ketner.dk\/kolding\/wp-json\/wp\/v2\/pages"}],"about":[{"href":"https:\/\/ketner.dk\/kolding\/wp-json\/wp\/v2\/types\/page"}],"author":[{"embeddable":true,"href":"https:\/\/ketner.dk\/kolding\/wp-json\/wp\/v2\/users\/7"}],"replies":[{"embeddable":true,"href":"https:\/\/ketner.dk\/kolding\/wp-json\/wp\/v2\/comments?post=2943"}],"version-history":[{"count":12,"href":"https:\/\/ketner.dk\/kolding\/wp-json\/wp\/v2\/pages\/2943\/revisions"}],"predecessor-version":[{"id":3194,"href":"https:\/\/ketner.dk\/kolding\/wp-json\/wp\/v2\/pages\/2943\/revisions\/3194"}],"up":[{"embeddable":true,"href":"https:\/\/ketner.dk\/kolding\/wp-json\/wp\/v2\/pages\/275"}],"wp:attachment":[{"href":"https:\/\/ketner.dk\/kolding\/wp-json\/wp\/v2\/media?parent=2943"}],"curies":[{"name":"wp","href":"https:\/\/api.w.org\/{rel}","templated":true}]}}