{"id":267,"date":"2021-01-27T11:44:45","date_gmt":"2021-01-27T11:44:45","guid":{"rendered":"https:\/\/lazzatest.dk\/ketner\/?page_id=267"},"modified":"2025-03-31T14:01:52","modified_gmt":"2025-03-31T12:01:52","slug":"specialer","status":"publish","type":"page","link":"https:\/\/ketner.dk\/odense\/specialer\/","title":{"rendered":"Specialer"},"content":{"rendered":"<p>[vc_row css_animation=&#8221;&#8221; row_type=&#8221;row&#8221; use_row_as_full_screen_section=&#8221;no&#8221; type=&#8221;grid&#8221; angled_section=&#8221;no&#8221; text_align=&#8221;left&#8221; background_image_as_pattern=&#8221;without_pattern&#8221; el_class=&#8221;equal-height align-center&#8221; z_index=&#8221;&#8221; css=&#8221;.vc_custom_1612770778103{background-color: #fffffe !important;}&#8221;][vc_column el_class=&#8221;padding80 paddingright&#8221; offset=&#8221;vc_col-md-6&#8243;][vc_column_text]<\/p>\n<h1>Vi kalder os specialister \u2013 for det er vi<\/h1>\n<p>Hos Ketner Odense er er vi fuldt d\u00e6kkende inden for alle t\u00e6nkelige opgaver. Vi har et h\u00f8jt serviceniveau, hvor vi yder dig og din bil den optimale service &#8211; ofte helt uden ventetid.\u00a0 Gennem vores mange \u00e5r i branchen har vi skabt et bredt program med specialer og kompetencer, der d\u00e6kker alt fra de mest g\u00e6ngse l\u00f8sninger til de helt sm\u00e5 nicheopgaver.<\/p>\n<p>G\u00f8r din bil og dig selv en tjeneste ved at kontakte os, n\u00e6ste gang du har brug for den optimale service. Det kommer du aldrig til at fortryde.[\/vc_column_text][vc_empty_space height=&#8221;40px&#8221;]<a  itemprop=\"url\" href=\"https:\/\/ketner.dk\/odense\/servicebooking\/\" target=\"_self\"  class=\"qbutton  default\" style=\"margin: 0 20px 0 0; \">Book tid<i class=\"qodef-icon-dripicons dripicon dripicons-chevron-right qode_button_icon_element\" style=\"\" ><\/i><\/a><a id=\"bliv-ringet-op\" itemprop=\"url\" href=\"#\" target=\"_self\"  class=\"qbutton  white default\" style=\"margin: 0 20px 0 0; \">Bliv ringet op<i class=\"qodef-icon-dripicons dripicon dripicons-chevron-right qode_button_icon_element\" style=\"\" ><\/i><\/a>[vc_empty_space height=&#8221;40px&#8221;][\/vc_column][vc_column offset=&#8221;vc_col-md-6&#8243;][vc_single_image image=&#8221;2184&#8243; img_size=&#8221;full&#8221; alignment=&#8221;center&#8221; style=&#8221;vc_box_rounded&#8221; qode_css_animation=&#8221;&#8221;][\/vc_column][\/vc_row][vc_row css_animation=&#8221;&#8221; row_type=&#8221;row&#8221; use_row_as_full_screen_section=&#8221;no&#8221; type=&#8221;grid&#8221; angled_section=&#8221;no&#8221; text_align=&#8221;center&#8221; background_image_as_pattern=&#8221;without_pattern&#8221; el_class=&#8221;padding80&#8243; css=&#8221;.vc_custom_1609935864894{background-color: #002a3b !important;}&#8221; z_index=&#8221;&#8221;][vc_column][vc_row_inner row_type=&#8221;row&#8221; type=&#8221;full_width&#8221; text_align=&#8221;left&#8221; css_animation=&#8221;&#8221;][vc_column_inner width=&#8221;1\/2&#8243; offset=&#8221;vc_col-md-3&#8243;]        \n        <div class=\"icon_text\">\n            <div class=\"icon_text_image\">\n                <img width=\"36\" height=\"36\" src=\"https:\/\/ketner.dk\/odense\/wp-content\/uploads\/2021\/01\/icons-white-tools.svg\" class=\"attachment-full size-full\" alt=\"\" srcset=\"https:\/\/ketner.dk\/odense\/wp-content\/uploads\/sites\/11\/\/2021\/01\/icons-white-tools.svg 150w, https:\/\/ketner.dk\/odense\/wp-content\/uploads\/sites\/11\/\/2021\/01\/icons-white-tools.svg 300w, https:\/\/ketner.dk\/odense\/wp-content\/uploads\/sites\/11\/\/2021\/01\/icons-white-tools.svg 1024w, https:\/\/ketner.dk\/odense\/wp-content\/uploads\/sites\/11\/\/2021\/01\/icons-white-tools.svg 36w\" sizes=\"(max-width: 36px) 100vw, 36px\" \/>            <\/div>\n            <div class=\"icon_text_content\">\n                <h3>Professionelt og uafh\u00e6ngigt v\u00e6rksted<\/h3>\n                <p>P\u00e5 vores frie autov\u00e6rksted i Odense finder du branchens bedste og mest avancerede testudstyr.<\/p>\n            <\/div>\n        <\/div>\n\n        [\/vc_column_inner][vc_column_inner width=&#8221;1\/2&#8243; offset=&#8221;vc_col-md-3&#8243;]        \n        <div class=\"icon_text\">\n            <div class=\"icon_text_image\">\n                <img width=\"36\" height=\"36\" src=\"https:\/\/ketner.dk\/odense\/wp-content\/uploads\/2021\/01\/icons-white-car.svg\" class=\"attachment-full size-full\" alt=\"\" srcset=\"https:\/\/ketner.dk\/odense\/wp-content\/uploads\/sites\/11\/\/2021\/01\/icons-white-car.svg 150w, https:\/\/ketner.dk\/odense\/wp-content\/uploads\/sites\/11\/\/2021\/01\/icons-white-car.svg 300w, https:\/\/ketner.dk\/odense\/wp-content\/uploads\/sites\/11\/\/2021\/01\/icons-white-car.svg 1024w, https:\/\/ketner.dk\/odense\/wp-content\/uploads\/sites\/11\/\/2021\/01\/icons-white-car.svg 36w\" sizes=\"(max-width: 36px) 100vw, 36px\" \/>            <\/div>\n            <div class=\"icon_text_content\">\n                <h3>F\u00e5 en l\u00e5nebil<\/h3>\n                <p>Der er altid en l\u00e5nebil klar til dig, mens vores mekanikere i Odense tager sig af din bil.<\/p>\n            <\/div>\n        <\/div>\n\n        [\/vc_column_inner][vc_column_inner width=&#8221;1\/2&#8243; offset=&#8221;vc_col-md-3&#8243;]        \n        <div class=\"icon_text\">\n            <div class=\"icon_text_image\">\n                <img width=\"36\" height=\"36\" src=\"https:\/\/ketner.dk\/odense\/wp-content\/uploads\/2021\/01\/icons-white-list.svg\" class=\"attachment-full size-full\" alt=\"\" srcset=\"https:\/\/ketner.dk\/odense\/wp-content\/uploads\/sites\/11\/\/2021\/01\/icons-white-list.svg 150w, https:\/\/ketner.dk\/odense\/wp-content\/uploads\/sites\/11\/\/2021\/01\/icons-white-list.svg 300w, https:\/\/ketner.dk\/odense\/wp-content\/uploads\/sites\/11\/\/2021\/01\/icons-white-list.svg 1024w, https:\/\/ketner.dk\/odense\/wp-content\/uploads\/sites\/11\/\/2021\/01\/icons-white-list.svg 36w\" sizes=\"(max-width: 36px) 100vw, 36px\" \/>            <\/div>\n            <div class=\"icon_text_content\">\n                <h3>Gratis SOS Vejhj\u00e6lp til alle bilejere<\/h3>\n                <p>Hos Ketner Odense f\u00e5r du gratis vejhj\u00e6lp efter 1. serviceeftersyn i op til 2 \u00e5r - uanset bilens alder.<\/p>\n            <\/div>\n        <\/div>\n\n        [\/vc_column_inner][vc_column_inner width=&#8221;1\/2&#8243; offset=&#8221;vc_col-md-3&#8243;]        \n        <div class=\"icon_text\">\n            <div class=\"icon_text_image\">\n                <img width=\"36\" height=\"36\" src=\"https:\/\/ketner.dk\/odense\/wp-content\/uploads\/2021\/01\/icons-white-time-calendar.svg\" class=\"attachment-full size-full\" alt=\"\" srcset=\"https:\/\/ketner.dk\/odense\/wp-content\/uploads\/sites\/11\/\/2021\/01\/icons-white-time-calendar.svg 150w, https:\/\/ketner.dk\/odense\/wp-content\/uploads\/sites\/11\/\/2021\/01\/icons-white-time-calendar.svg 300w, https:\/\/ketner.dk\/odense\/wp-content\/uploads\/sites\/11\/\/2021\/01\/icons-white-time-calendar.svg 1024w, https:\/\/ketner.dk\/odense\/wp-content\/uploads\/sites\/11\/\/2021\/01\/icons-white-time-calendar.svg 36w\" sizes=\"(max-width: 36px) 100vw, 36px\" \/>            <\/div>\n            <div class=\"icon_text_content\">\n                <h3>Kort ventetid<\/h3>\n                <p>Som erfaren mekaniker i Odense tilbyder vi dig en hurtig og personlig service, som giver dig v\u00e6rdi som bilist \u2013 uanset bilm\u00e6rke.<\/p>\n            <\/div>\n        <\/div>\n\n        [\/vc_column_inner][\/vc_row_inner][vc_empty_space height=&#8221;40px&#8221;]<a id=\"kontakt\" itemprop=\"url\" href=\"#\" target=\"_self\"  class=\"qbutton  white default\" style=\"margin: 0 20px 0 0; \">Kontakt os<i class=\"qodef-icon-dripicons dripicon dripicons-chevron-right qode_button_icon_element\" style=\"\" ><\/i><\/a>[\/vc_column][\/vc_row][vc_row css_animation=&#8221;&#8221; row_type=&#8221;row&#8221; use_row_as_full_screen_section=&#8221;no&#8221; type=&#8221;grid&#8221; angled_section=&#8221;no&#8221; text_align=&#8221;left&#8221; background_image_as_pattern=&#8221;without_pattern&#8221; el_class=&#8221;padding80&#8243; css=&#8221;.vc_custom_1625037986908{padding-bottom: 0px !important;background-color: #f0f0f0 !important;}&#8221; z_index=&#8221;&#8221; anchor=&#8221;specialer&#8221;][vc_column][vc_column_text]<\/p>\n<h2>Vores specialer<\/h2>\n<p>Her kan du se et udpluk af nogle af de ting, vi har ekspertise i. Klik dig ind p\u00e5 de enkelte sider for at l\u00e6se mere om vores kompetencer, og hvordan vi arbejder for at holde dig og din bil godt k\u00f8rende.[\/vc_column_text][\/vc_column][\/vc_row][vc_row css_animation=&#8221;&#8221; row_type=&#8221;row&#8221; use_row_as_full_screen_section=&#8221;no&#8221; type=&#8221;grid&#8221; angled_section=&#8221;no&#8221; text_align=&#8221;left&#8221; background_image_as_pattern=&#8221;without_pattern&#8221; el_class=&#8221;padding80&#8243; z_index=&#8221;&#8221; css=&#8221;.vc_custom_1625037999744{background-color: #f0f0f0 !important;}&#8221;][vc_column el_class=&#8221;paddingright&#8221;][vc_column_text]<\/p>\n<h3>L\u00e6s mere om vores specialer<\/h3>\n<p>[\/vc_column_text][vc_empty_space height=&#8221;40px&#8221;][vc_row_inner row_type=&#8221;row&#8221; type=&#8221;full_width&#8221; text_align=&#8221;left&#8221; css_animation=&#8221;&#8221;][vc_column_inner width=&#8221;1\/2&#8243; offset=&#8221;vc_col-md-3&#8243; css=&#8221;.vc_custom_1623932065613{margin-bottom: 20px !important;}&#8221;][vc_column_text el_class=&#8221;link-arrow&#8221;]<strong><a href=\"https:\/\/ketner.dk\/odense\/specialer\/el-og-hybridbiler\/\">El- og hybridbiler<\/a><\/strong><\/p>\n<p><a href=\"https:\/\/ketner.dk\/autovaerksted\/bremseservice\/\"><strong>Bremseservice<\/strong><\/a><\/p>\n<p><strong><a href=\"https:\/\/ketner.dk\/odense\/partikelfilter-rens\/\">Partikelfilterv\u00e6rksted<\/a><\/strong>[\/vc_column_text][\/vc_column_inner][vc_column_inner width=&#8221;1\/2&#8243; offset=&#8221;vc_col-md-3&#8243; css=&#8221;.vc_custom_1623932071085{margin-bottom: 20px !important;}&#8221;][vc_column_text el_class=&#8221;link-arrow&#8221;]<strong><a href=\"https:\/\/ketner.dk\/odense\/specialer\/testcenter\/\">Testcenter<\/a><\/strong><\/p>\n<p><strong><a href=\"https:\/\/ketner.dk\/odense\/specialer\/aircondition-vaerksted\/\">Aircondition-v\u00e6rksted<\/a><\/strong><\/p>\n<p><strong><a href=\"https:\/\/ketner.dk\/autovaerksted\/garanti-og-brugtvogns-test\/\">Garanti- og brugtvognsattest\u00a0\u00a0<\/a><\/strong>[\/vc_column_text][\/vc_column_inner][vc_column_inner width=&#8221;1\/2&#8243; offset=&#8221;vc_col-md-3&#8243; css=&#8221;.vc_custom_1623932085410{margin-bottom: 20px !important;}&#8221;][vc_column_text el_class=&#8221;link-arrow&#8221;]<strong><a href=\"https:\/\/ketner.dk\/odense\/specialer\/daekcenter\/\">D\u00e6kcenter<\/a><\/strong><\/p>\n<p><strong><a href=\"https:\/\/ketner.dk\/odense\/specialer\/skadecenter\/\">Skadecenter<\/a><\/strong>[\/vc_column_text][\/vc_column_inner][vc_column_inner width=&#8221;1\/2&#8243; offset=&#8221;vc_col-md-3&#8243; css=&#8221;.vc_custom_1623932081468{margin-bottom: 20px !important;}&#8221;][vc_column_text el_class=&#8221;link-arrow&#8221;]<a href=\"https:\/\/ketner.dk\/specialer\/batterivaerksted\/\"><strong>Batteriv\u00e6rksted<\/strong><\/a><\/p>\n<p><strong><a href=\"https:\/\/ketner.dk\/odense\/specialer\/faelg-renovering\/\">F\u00e6lgrenovering<\/a><\/strong>[\/vc_column_text][\/vc_column_inner][\/vc_row_inner][\/vc_column][\/vc_row][vc_row css_animation=&#8221;&#8221; row_type=&#8221;row&#8221; use_row_as_full_screen_section=&#8221;no&#8221; type=&#8221;grid&#8221; angled_section=&#8221;no&#8221; text_align=&#8221;left&#8221; background_image_as_pattern=&#8221;without_pattern&#8221; el_class=&#8221;padding80&#8243; css=&#8221;.vc_custom_1625038004189{background-color: #fffffe !important;}&#8221; z_index=&#8221;&#8221;][vc_column][vc_column_text]<\/p>\n<h3>Autov\u00e6rksted<\/h3>\n<p>P\u00e5 vores autov\u00e6rksted p\u00e5 <span style=\"font-weight: 400;\">Thujavej 15 i Odense SV <\/span>m\u00f8der du et hold af erfarne mekanikere og specialister, som vil tage sig af din bil med det samme. <span style=\"font-weight: 400;\">Vi bestr\u00e6ber os p\u00e5 hele tiden at v\u00e6re forrest i feltet med det nyeste og mest specialiserede v\u00e6rkt\u00f8j og testudstyr, der g\u00f8r os til de bedste i branchen til at varetage alle typer af biler og bilm\u00e6rker.<\/span><\/p>\n<p>Du kan l\u00e6se meget mere om vores specialer ved at klikke dig frem via ovenst\u00e5ende liste eller menuen \u2013 og finder du ikke lige det, du st\u00e5r og mangler hj\u00e6lp til, h\u00e5ber vi, at du vil ringe til os. Det findes ikke det problem inden for reparation af k\u00f8ret\u00f8jer, vi ikke er i stand til at hj\u00e6lpe dig med.[\/vc_column_text][vc_empty_space height=&#8221;40px&#8221;]<a  itemprop=\"url\" href=\"https:\/\/ketner.dk\/odense\/servicebooking\/\" target=\"_self\"  class=\"qbutton  default\" style=\"margin: 0 20px 0 0; \">Book tid<i class=\"qodef-icon-dripicons dripicon dripicons-chevron-right qode_button_icon_element\" style=\"\" ><\/i><\/a><a id=\"bliv-ringet-op\" itemprop=\"url\" href=\"#\" target=\"_self\"  class=\"qbutton  white default\" style=\"margin: 0 20px 0 0; \">Bliv ringet op<i class=\"qodef-icon-dripicons dripicon dripicons-chevron-right qode_button_icon_element\" style=\"\" ><\/i><\/a>[\/vc_column][\/vc_row]<\/p>\n","protected":false},"excerpt":{"rendered":"<p>[vc_row css_animation=&#8221;&#8221; row_type=&#8221;row&#8221; use_row_as_full_screen_section=&#8221;no&#8221; type=&#8221;grid&#8221; angled_section=&#8221;no&#8221; text_align=&#8221;left&#8221; background_image_as_pattern=&#8221;without_pattern&#8221; el_class=&#8221;equal-height align-center&#8221; z_index=&#8221;&#8221; css=&#8221;.vc_custom_1612770778103{background-color: #fffffe !important;}&#8221;][vc_column el_class=&#8221;padding80 paddingright&#8221; offset=&#8221;vc_col-md-6&#8243;][vc_column_text] Vi kalder os specialister \u2013 for det er vi Hos Ketner Odense er er vi fuldt d\u00e6kkende inden for alle t\u00e6nkelige opgaver. Vi har et h\u00f8jt serviceniveau, hvor&#8230;<\/p>\n","protected":false},"author":1,"featured_media":0,"parent":0,"menu_order":0,"comment_status":"closed","ping_status":"closed","template":"full_width.php","meta":[],"acf":[],"_links":{"self":[{"href":"https:\/\/ketner.dk\/odense\/wp-json\/wp\/v2\/pages\/267"}],"collection":[{"href":"https:\/\/ketner.dk\/odense\/wp-json\/wp\/v2\/pages"}],"about":[{"href":"https:\/\/ketner.dk\/odense\/wp-json\/wp\/v2\/types\/page"}],"author":[{"embeddable":true,"href":"https:\/\/ketner.dk\/odense\/wp-json\/wp\/v2\/users\/1"}],"replies":[{"embeddable":true,"href":"https:\/\/ketner.dk\/odense\/wp-json\/wp\/v2\/comments?post=267"}],"version-history":[{"count":38,"href":"https:\/\/ketner.dk\/odense\/wp-json\/wp\/v2\/pages\/267\/revisions"}],"predecessor-version":[{"id":4508,"href":"https:\/\/ketner.dk\/odense\/wp-json\/wp\/v2\/pages\/267\/revisions\/4508"}],"wp:attachment":[{"href":"https:\/\/ketner.dk\/odense\/wp-json\/wp\/v2\/media?parent=267"}],"curies":[{"name":"wp","href":"https:\/\/api.w.org\/{rel}","templated":true}]}}